 of 37513 and 4067481.
5359
What is the greatest common factor of 17486 and 79936?
2498
What is the greatest common factor of 155169749 and 1022?
511
What is the highest common factor of 2190 and 26960?
10
What is the highest common divisor of 52979 and 1628677?
1709
What is the greatest common divisor of 138528 and 29728?
32
Calculate the highest common factor of 1026192 and 546.
6
What is the greatest common factor of 32113332 and 3075?
123
What is the highest common factor of 134340976 and 322?
322
Calculate the greatest common factor of 244760 and 28159.
29
What is the highest common divisor of 2160520 and 110?
10
Calculate the highest common divisor of 16560 and 10567695.
345
Calculate the greatest common factor of 15141 and 891492.
21
Calculate the highest common divisor of 93688 and 9044.
28
What is the greatest common divisor of 3805285 and 110?
55
Calculate the highest common factor of 5452 and 199405396.
188
What is the greatest common factor of 1310163 and 639?
213
What is the highest common factor of 50118418 and 11336?
218
What is the highest common factor of 3057551 and 3381?
1127
Calculate the highest common divisor of 24981525 and 125.
25
Calculate the highest common factor of 1508 and 5916116.
116
What is the highest common factor of 32175 and 14050575?
2475
What is the highest common factor of 6956 and 65236?
188
Calculate the greatest common factor of 1521 and 175144671.
1521
What is the greatest common divisor of 440542 and 4553?
157
What is the greatest common divisor of 129691 and 490886?
53
What is the highest common factor of 99678650 and 3400?
850
What is the greatest common factor of 7371 and 31418478?
819
Calculate the greatest common factor of 1952425555 and 2395.
2395
Calculate the highest common factor of 45 and 9366970.
5
What is the greatest common factor of 11837142 and 715050?
4086
Calculate the highest common divisor of 78631 and 29281.
329
Calculate the highest common divisor of 64368 and 327384.
72
What is the greatest common factor of 19152 and 2951802?
2394
What is the highest common factor of 38 and 28184?
2
Calculate the highest common factor of 546125 and 3125.
125
What is the greatest common divisor of 232392 and 155292?
12
What is the greatest common factor of 3996 and 2532465?
999
Calculate the greatest common factor of 25 and 325300.
25
Calculate the highest common divisor of 123 and 21386707.
41
Calculate the greatest common divisor of 972968 and 376.
8
What is the highest common factor of 572983249 and 289?
289
What is the greatest common factor of 43469 and 74987?
17
Calculate the highest common divisor of 290405584 and 10864.
10864
Calculate the greatest common divisor of 93930557 and 9534.
1589
What is the highest common factor of 105725330 and 1675?
335
Calculate the greatest common factor of 15351 and 1634559.
129
What is the greatest common divisor of 148976072 and 392?
392
Calculate the greatest common factor of 173414 and 3286.
62
Calculate the greatest common factor of 480 and 5835380.
20
Calculate the greatest common divisor of 612521 and 4302116.
4823
What is the greatest common factor of 50554 and 47355910?
2198
Calculate the greatest common factor of 1785 and 17825367.
357
What is the highest common factor of 41677 and 208882?
71
What is the highest common factor of 5304216 and 1218?
174
What is the greatest common factor of 5430048 and 13740?
2748
What is the highest common divisor of 106671 and 19869?
111
What is the highest common divisor of 10324940 and 110?
10
Calculate the greatest common factor of 14520 and 210360.
120
What is the greatest common divisor of 324 and 169299639?
81
Calculate the greatest common divisor of 33 and 2503149.
33
Calculate the highest common factor of 5172475 and 246400.
1925
What is the highest common divisor of 2031 and 19109002?
677
Calculate the highest common divisor of 3443766 and 22606.
178
What is the highest common factor of 5263020 and 48?
12
Calculate the highest common divisor of 8692 and 658879676.
8692
What is the greatest common factor of 2688 and 43171968?
2688
Calculate the greatest common divisor of 7182 and 580468.
14
What is the greatest common factor of 10120 and 58528928?
184
Calculate the highest common divisor of 70 and 8742335.
35
Calculate the greatest common factor of 5633 and 569850.
131
What is the highest common factor of 5205 and 882525?
15
What is the highest common divisor of 1311 and 404133?
69
What is the greatest common factor of 360 and 460476?
36
Calculate the greatest common factor of 4589428 and 31622.
326
Calculate the greatest common divisor of 3428853 and 2328.
291
Calculate the highest common factor of 400407 and 1504635.
2487
Calculate the highest common factor of 316 and 6210743.
79
What is the greatest common factor of 7457617 and 108629?
4723
Calculate the greatest common divisor of 8075148 and 12.
12
Calculate the greatest common divisor of 1030568 and 1810501.
539
Calculate the greatest common divisor of 5098900 and 12700.
100
What is the highest common factor of 6578 and 8522098?
598
What is the greatest common factor of 34528 and 4624096?
2656
Calculate the highest common divisor of 76 and 95703760.
76
Calculate the greatest common divisor of 56720778 and 222.
222
What is the highest common divisor of 47300 and 16202400?
4300
Calculate the greatest common factor of 542208 and 26112.
1536
Calculate the highest common divisor of 7958 and 148537108.
346
Calculate the highest common factor of 9 and 11783241.
9
What is the highest common divisor of 14052402 and 1958996?
9698
What is the highest common factor of 12994 and 573795549?
6497
What is the greatest common divisor of 2433500 and 69708?
628
Calculate the highest common factor of 602184 and 2552.
88
Calculate the greatest common factor of 877551565 and 961.
961
What is the highest common factor of 40482691 and 207?
23
What is the greatest common factor of 468208 and 24128?
208
What is the highest common factor of 83946996 and 37044?
5292
What is the highest common factor of 472961266 and 993?
331
What is the highest common divisor of 2261 and 412207109?
323
What is the highest common factor of 301777 and 458584?
133
Calculate the greatest common factor of 179523 and 51789.
183
Calculate the highest common factor of 21828 and 232897484.
7276
What is the greatest common divisor of 322539 and 1050?
21
Calculate the highest common factor of 15151 and 575599.
139
Calculate the greatest common factor of 586 and 182261822.
586
Calculate the highest common divisor of 64 and 577154.
2
What is the greatest common divisor of 564 and 2356016?
188
What is the greatest common factor of 1285 and 12035?
5
Calculate the highest common factor of 3422 and 1156172.
58
Calculate the highest common factor of 29585 and 190259.
61
What is the highest common divisor of 867 and 2713132?
289
Calculate the greatest common divisor of 544 and 24812758.
34
Calculate the greatest common divisor of 2954063 and 85918.
2527
What is the greatest common divisor of 12691 and 2618231?
259
What is the highest common factor of 224 and 1262996?
28
Calculate the highest common divisor of 592421 and 53957.
79
Calculate the highest common divisor of 61946435 and 55.
5
Calculate the highest common divisor of 25 and 212531920.
5
What is the greatest common factor of 3051548 and 5248?
164
What is the greatest common divisor of 24 and 155277688?
8
What is the highest common factor of 126902 and 50?
2
Calculate the highest common factor of 2500 and 546386000.
500
Calculate the highest common divisor of 286305968 and 16.
16
What is the greatest common divisor of 196928 and 444992?
1088
What is the greatest common divisor of 198 and 28986138?
18
Calculate the highest common divisor of 736 and 34969568.
736
What is the highest common factor of 742 and 347044?
106
What is the highest common factor of 9984516 and 108?
12
What is the greatest common factor of 179866467 and 2214?
1107
What is the highest common divisor of 86561951 and 31?
31
What is the greatest common factor of 380 and 221678700?
380
Calculate the greatest common factor of 9673 and 463913.
17
What is the greatest common divisor of 7307016 and 72?
24
Calculate the highest common factor of 208121826 and 11.
11
Calculate the highest com